46. Let x = 1318 - 1307. Determine u(x).
-42
Let c(i) = -i**3 - 8*i**2 - 5*i - 2. Suppose -3 = 2*a - 19. Suppose 0 = -a*u + 29 - 85. Give c(u).
-16
Let u(v) = -v**3 - 4*v**2 + 2*v + 3. Let a(m) = 11*m**2 - 6*m - 9*m - 9*m - 24 + 16*m - m**3. Let z be a(10). Determine u(z).
-5
Let j(y) = -2*y**2 + 6*y - 1. Let t(x) = 28*x**2 - 12*x - 1. Let l(d) = -3*j(d) - t(d). Determine l(1).
-24
Let l(a) = -5*a**2 + 12*a - 1. Let z(f) = f**2 - f. Let g(n) = l(n) + 6*z(n). Suppose 2*h = 3*m + 5, -35*h - 5 = -34*h. Calculate g(m).
-6
Let a(z) = 3*z - 6. Suppose 5*d - 165 = 4*w - w, -d + 21 = -3*w. Let f = 39 - d. Let o be f/(-15)*2 - 32/(-5). Calculate a(o).
12
Let w(p) = -p**3 - 26*p**2 + 25*p - 47. Let v(f) = 20*f + 1373. Let h be v(-70). Calculate w(h).
7
Let f(a) = -9*a**3 - 13*a**2 - 20*a - 74. Let q(z) = -8*z**3 - 13*z**2 - 19*z - 66. Let p(b) = -7*f(b) + 8*q(b). Give p(-5).
-150
Let s(b) = 18*b - 235. Let d be s(13). Let q(p) be the first derivative of -4*p**4 + p**2/2 + 18. What is q(d)?
15
Let x(q) = 406*q - 792*q + 394*q - 10. Determine x(0).
-10
Let n(u) be the third derivative of -u**6/120 + u**5/10 + 3*u**4/8 + u**3 + 39*u**2. Give n(7).
20
Let v = -29 + 31. Suppose -f = 3*q - 51, -v*f - 33 + 117 = 5*q. Let n(d) = q*d**2 + 0*d + d - 25*d**2 - 1. What is n(1)?
-7
Let v(c) be the first derivative of -c**3/3 - 7*c**2/2 + 22*c + 394. Give v(-9).
4
Let q = -49079/60 + 818. Let p(g) be the third derivative of 0*g - 1/2*g**3 + 5/24*g**4 - q*g**5 - 9*g**2 + 0. Give p(6).
-9
Suppose -9*k - 40 = 338. Let p = 44 + k. Let u(w) = -39*w**2 + 79*w**p - 26*w**2. Calculate u(1).
14
Let l = -92 + 85. Let w(b) be the third derivative of -b**5/60 - b**4/6 - 2*b**3/3 + 244*b**2. Give w(l).
-25
Let u(r) = r**3 - 5*r**2 + 3*r + 1. Suppose 0 = -123*j + 150*j - 216. Suppose -16*g + j*g + 16 = 0. Determine u(g).
-5
Let u(z) = -z**3 + 9*z**2 + 11*z - 12. Suppose -h - 3*p + 5 = 0, -5*h - p = -6*p - 65. Let t be ((-6)/15)/(h/(-275)). Determine u(t).
-2
Let l(f) = -4*f - 35. Suppose 24*s + 30 = 22*s + 2*i, -28 = 4*s + 4*i. Give l(s).
9
Let l(k) = 336 - 175 - 6*k - 163 + k**2 - 2*k**2. Let b be ((-38)/6 + 5)/(6/27). Determine l(b).
-2
Let r = -406 - -416. Let t(h) = r*h - 48 - h**2 + 49 - 14*h. What is t(-3)?
4
Suppose 13*n = 29 - 3. Let s(h) = 1 - 5*h**2 - h**3 - 7*h**3 + n*h + 10*h**3. Give s(3).
16
Suppose -18*f = -14*f - 5*o + 47, 2*f - o + 13 = 0. Let p(d) = -3*d**2 - 3*d - 4. Give p(f).
-22
Let c(l) = -1 - l - 9971*l**2 + 2 + 9968*l**2. Let f be 11 - 15 - (-10)/1. Let w be (f/12)/(3/6). Calculate c(w).
-3
Let a(n) = -59*n - 294. Let l be a(-5). Let b(q) = 0 + 6*q**2 + 0*q**2 - 5*q**2 + l. Give b(4).
17
Let m(z) be the third derivative of 11*z**4/24 - 3*z**3 + 715*z**2. What is m(3)?
15
Let b(q) = q**3 - 6*q**2 + 9*q - 23. Let r(z) = 4*z - 51. Let s be r(14). Let d be b(s). Let f(l) = -2*l - 4. Calculate f(d).
2
Let r = -120 + 126. Let t(h) = 5*h + 7. Calculate t(r).
37
Let j(h) = -35*h - 72. Let s be ((-126)/441)/(3/3)*7. Determine j(s).
-2
Let i = 23 + 232. Let b = -253 + i. Let w(g) = g**2 - 4*g. Give w(b).
-4
Let u(x) = -14*x**2 - 126*x. Suppose 34*j = -235 - 4 - 67. Calculate u(j).
0
Let w(o) = -o**3 + 5*o**2 + 4*o. Let i(n) = -22*n - 15. Let d be i(-4). Let g = -75 + d. Let s be (((-120)/25)/(-4))/(g/(-10)). Give w(s).
-12
Suppose 0 = 5*r + 4*w - 36, -2*r - 2*w + 70 - 52 = 0. Let u(z) = z**2 - z + 103. Determine u(r).
103
Let d(k) be the second derivative of -k**4/12 + 13*k**3/3 - 33*k**2/2 - 2926*k. Give d(24).
15
Let b be (1/((-34)/85))/((-4)/(-8)). Let z(q) = -20*q - 109. Calculate z(b).
-9
Let b(d) = d**2 - 14. Let s(w) = -6*w**2 - 37*w + 88. Let u be s(2). Determine b(u).
86
Let m(x) = 38 + 4*x + 32 - 116 + 39 - 1. What is m(-2)?
-16
Suppose -19 - 5 = -3*t. Suppose 113*h = -110*h + 218*h. Suppose h = 7*j - t*j. Let g(a) = -a**2 - 11. Calculate g(j).
-11
Suppose 1704 = 392*c - 108*c. Let s(r) = -3*r + r + 4*r. Give s(c).
12
Suppose 2*d - 2*r = d + 8, 0 = -2*d - 3*r + 23. Let p(o) = -7*o + 74. Let l be p(d). Let x(v) = 2*v - 5. Give x(l).
3
Let o(x) = -571*x**3 - 568*x**3 - 11*x + 1140*x**3 + 4*x**2 + 10*x + 0*x**2. Suppose -5*a = v - 0 + 5, -2*a + 5*v - 29 = 0. Give o(a).
10
Suppose -9 = 3*v, -x - 11*v + 12*v = 19. Let m(j) = 2*j + 39. Calculate m(x).
-5
Let k = -262 - -324. Let s = 58 - k. Let q(t) = -t**3 - 5*t**2 + 4*t + 6. What is q(s)?
-26
Let i(k) = k**2 + 4*k. Suppose a - 6*a + 5*x = -30, -3*a + 5*x + 18 = 0. Let j be 32/(-32)*(-1 + a). Calculate i(j).
5
Suppose 931 - 256 = 5*h. Suppose -3 = 23*n + h. Let s(k) = k + 8. Calculate s(n).
2
Let w(y) = -7*y**2 - 4*y - 3. Let r(j) = -8*j**2 - 5*j - 3. Suppose 0 = 5*d + 12*d + 51. Let g(c) = d*w(c) + 2*r(c). Calculate g(-2).
19
Let k(q) = q**3 - 39*q**2 + 191*q + 16. Let r be k(6). Let o(d) = -d**3 - 28*d**2 - 49*d + 86. What is o(r)?
8
Let k(v) = -9*v + 1. Suppose -7*c = 435 - 484. Determine k(c).
-62
Let j(n) be the second derivative of -n**6/120 - 7*n**5/60 + 5*n**4/12 + 7*n**3/6 - 33*n**2/2 + 43*n. Let k(h) be the first derivative of j(h). Calculate k(-8).
-9
Let m(s) be the second derivative of 0*s**2 + 0 + 4*s + 1/360*s**6 + 0*s**3 - 11/6*s**4 + 0*s**5. Let l(a) be the third derivative of m(a). Calculate l(2).
4
Let o(u) = -13*u**2 - 29*u - 6. Let z(p) = 9*p**2 + 21*p + 4. Let r(s) = -7*o(s) - 10*z(s). Let b(h) = 3*h + 2. Let v = 14 - 12. Let w be b(v). Calculate r(w).
10
Let j(h) be the first derivative of 5*h**2/2 + 12*h + 1. Suppose 3*w = -5*g - 20, -4*w + 35 = -4*g + 51. Determine j(w).
-13
Let g(i) be the second derivative of i**5/20 + 5*i**4/12 + i**3/2 + i**2/2 + 196*i. Suppose -3*y + 36 = 4*t, -4*t + t + 22 = y. Let d = -8 + t. What is g(d)?
7
Let h = 3346 + -3341. Let d(r) = -5*r**2 - 3*r - 13. Calculate d(h).
-153
Let f be -5*6/30 + -4. Let b(v) = v**3 + 3*v**2 - 12*v - 5. What is b(f)?
5
Let m(j) = -2*j**3 + 4*j**2 - j + 1. Let v(z) = 11*z**3 - 36*z**2 + 3*z + 3. Let h(k) = -5*m(k) - v(k). Calculate h(16).
24
Let b = 2769 + -2772. Let y be (-1)/4 + 2/8. Let k(a) = 2*a**2 - 4 + a + 2 + y*a. Give k(b).
13
Let u(a) = -3840 + 7*a - 3808 - 3842 + 15272 - 3847. What is u(12)?
19
Suppose -5*c + 3*y - 6*y + 249 = 0, 3*c = -5*y + 159. Suppose 3*g + 6*p = 2*p + 21, -3*g + 5*p = -c. Let n(l) = l - 11. Calculate n(g).
0
Let j(y) = y**2 + 12*y + 3. Let t be j(0). Let m(w) = 4*w**2 - 3*w + 1. Determine m(t).
28
Let m = -9 + 2. Let z(x) = 7*x**3 + 67*x - 57. Let d(v) = -v**3 + v**2 - 12*v + 9. Let o(t) = 6*d(t) + z(t). Calculate o(m).
-17
Let h(q) be the third derivative of -5*q**4/12 - 13*q**3/2 + 2830*q**2. Give h(-4).
1
Let v = 27 + -25. Let s(t) = -15 + t**2 + 5*t - 25 + 42 - 2*t**v. Calculate s(4).
6
Let d(n) = 3*n**3 + n - 41. Let y(u) = -5*u**3 - 7*u**2 - 2*u + 81. Let x(p) = 2*d(p) + y(p). Suppose 0 = -2*v + 3*v - 5. What is x(v)?
-51
Let c(l) = -20*l**2 + 4023*l + 8 + l**3 - 4004*l - 15. What is c(19)?
-7
Let o(g) = -g**2 - 6*g - 4. Let h = -6 - -59. Let k = h - 9. Let w = k - 48. Give o(w).
4
Suppose 2088 + 1036 = -142*x. Let m(n) = -n**2 - 17*n + 40. What is m(x)?
-70
Let i be 18/(-4)*(-8)/12*3. Let d(z) = i + 5 + 4 + 4*z**2 - 19. Suppose 0 = -2*x - 2. Calculate d(x).
3
Let u(o) = o**3 - o**2 - 2*o + 3. Suppose -13 + 51 = 19*r. Let d be u(r). Let k(s) = -s**3 + 3*s**2 + 2*s + 2. What is k(d)?
8
Let u(p) = 12 - 7*p + 297*p**2 + 274*p**2 - 572*p**2 - 5*p + 11. Determine u(-13).
10
Let l(n) = -6*n**2 + 10*n + 2. Suppose 3*o = -5*a - 4, -4*o - 35 = -a + 1. Give l(a).
-54
Let p(i) = 1589 - 815 - 788 - i. Suppose 0 = -2*w - 5*k - 21, w = -w + k - 39. Determine p(w).
4
Let s(z) = 4*z + 38. Let t be s(16). Let a(o) = -200*o + 96*o + t*o + 4. Calculate a(6).
-8
Let u be (-56)/6*498/(-581). Suppose -3*v - 6 = 0, v + u = 5*w - 3*v. Let c(j) = -2*j**2 - j + 1. Determine c(w).
1
Suppose -1370*t = 2732 - 20249 - 1663. Let u(i) be the third derivative of i**5/30 - 29*i**4/24 + 13*i**3/6 - i**2. Determine u(t).
-1
Suppose -6*w - 33 = -9*w. Let q(u) = u - 7. Let j be q(w). Suppose 2*n = 3*z - 3 - 18, -j*n - 40 = -4*z. Let i(r) = -r - 12. Determine i(n).
-3
Let j(y) = -3*y**2 - 18*y - 7. Let o = 11105 - 11110. Calculate j(o).
8
Let z(h) = 3*h - 9. Let n(o) = 5*o - 13. Let c(x) = -5*n(x) + 7*z(x). Let f be 3886/938 - 1/7. Determine c(f).
-14
Let m(f) be the third derivative of f**6/360 + f**5/60 - f**4/6 + 5*f**3